rt -13 (base 9) to base 11.
-11
What is 102 (base 5) in base 11?
25
Convert -5b (base 14) to base 7.
-144
What is -30 (base 7) in base 6?
-33
Convert -4 (base 5) to base 7.
-4
What is 0 (base 7) in base 11?
0
What is 3 (base 12) in base 5?
3
Convert 21 (base 3) to base 8.
7
Convert 1 (base 12) to base 11.
1
What is 6 (base 10) in base 11?
6
Convert 252 (base 10) to base 9.
310
What is -15 (base 12) in base 2?
-10001
What is 30 (base 5) in base 16?
f
Convert -73 (base 13) to base 16.
-5e
Convert -350 (base 7) to base 13.
-110
Convert 255 (base 9) to base 11.
183
-1 (base 8) to base 3
-1
What is -3 (base 10) in base 6?
-3
Convert -7 (base 8) to base 7.
-10
4 (base 15) to base 11
4
-a (base 16) to base 6
-14
12 (base 6) to base 13
8
-65 (base 8) to base 12
-45
Convert cd (base 16) to base 9.
247
Convert -134 (base 5) to base 6.
-112
14 (base 11) to base 7
21
4 (base 9) to base 6
4
Convert 4 (base 10) to base 9.
4
What is 1 (base 16) in base 9?
1
What is -3 (base 12) in base 15?
-3
What is -41 (base 16) in base 3?
-2102
Convert -3 (base 8) to base 15.
-3
Convert 10 (base 12) to base 14.
c
What is 71 (base 15) in base 13?
82
Convert -168 (base 11) to base 16.
-c3
What is 72 (base 12) in base 16?
56
Convert -5 (base 10) to base 11.
-5
Convert -39 (base 10) to base 9.
-43
Convert -3 (base 10) to base 5.
-3
3 (base 4) to base 11
3
-3 (base 5) to base 7
-3
Convert 0 (base 10) to base 2.
0
What is 7 (base 10) in base 6?
11
30 (base 15) to base 4
231
Convert 8 (base 16) to base 9.
8
What is 3 (base 13) in base 9?
3
Convert -22 (base 10) to base 6.
-34
Convert -15 (base 7) to base 10.
-12
Convert -20 (base 4) to base 16.
-8
What is -7 (base 16) in base 13?
-7
32 (base 5) to base 3
122
-443 (base 5) to base 4
-1323
What is -4 (base 14) in base 13?
-4
2 (base 13) to base 11
2
Convert 154 (base 9) to base 7.
244
Convert 64 (base 8) to base 12.
44
14 (base 6) to base 10
10
-2 (base 4) to base 2
-10
36 (base 11) to base 3
1110
Convert -200 (base 4) to base 15.
-22
Convert -56 (base 9) to base 6.
-123
What is -2 (base 4) in base 5?
-2
What is 1100 (base 4) in base 6?
212
Convert -42 (base 5) to base 4.
-112
What is -10 (base 2) in base 4?
-2
1111 (base 2) to base 3
120
23 (base 16) to base 8
43
What is -54 (base 7) in base 14?
-2b
Convert 1d (base 16) to base 4.
131
Convert 11011 (base 2) to base 11.
25
-224 (base 5) to base 7
-121
6 (base 14) to base 9
6
-1 (base 13) to base 11
-1
What is 10 (base 2) in base 5?
2
Convert -111 (base 2) to base 10.
-7
What is -245 (base 7) in base 4?
-2003
Convert -1 (base 7) to base 3.
-1
Convert 86 (base 13) to base 9.
132
What is -1 (base 13) in base 3?
-1
Convert -1 (base 7) to base 2.
-1
What is 0 (base 15) in base 13?
0
-2 (base 16) to base 5
-2
What is -1 (base 8) in base 9?
-1
Convert 5 (base 16) to base 6.
5
What is 46 (base 12) in base 3?
2000
-27 (base 8) to base 2
-10111
Convert -54 (base 11) to base 10.
-59
3 (base 13) to base 10
3
Convert 2 (base 5) to base 10.
2
-313 (base 8) to base 11
-175
Convert -8 (base 13) to base 2.
-1000
Convert 7a (base 16) to base 6.
322
1 (base 8) to base 5
1
Convert -14 (base 8) to base 5.
-22
110101 (base 2) to base 3
1222
Convert -77 (base 16) to base 6.
-315
Convert 11 (base 2) to base 10.
3
What is -3 (base 6) in base 13?
-3
Convert 2 (base 13) to base 9.
2
What is -654 (base 7) in base 13?
-1c8
Convert 3 (base 15) to base 5.
3
What is 4 (base 13) in base 6?
4
-1120 (base 4) to base 12
-74
What is -45 (base 6) in base 9?
-32
-100010 (base 2) to base 13
-28
What is 110001 (base 2) in base 3?
1211
23 (base 5) to base 4
31
What is 46 (base 7) in base 15?
24
23 (base 6) to base 2
1111
-1 (base 5) to base 10
-1
What is 0 (base 2) in base 4?
0
-6 (base 14) to base 3
-20
-16 (base 9) to base 7
-21
Convert b (base 15) to base 5.
21
1 (base 3) to base 6
1
What is -21 (base 10) in base 11?
-1a
What is -24 (base 16) in base 9?
-40
What is 1 (base 13) in base 9?
1
What is 7 (base 8) in base 9?
7
26 (base 16) to base 11
35
What is -11 (base 4) in base 16?
-5
Convert -20 (base 6) to base 15.
-c
Convert 11001001 (base 2) to base 9.
243
What is -10 (base 4) in base 13?
-4
What is 4a (base 15) in base 6?
154
-100100 (base 2) to base 6
-100
211 (base 5) to base 8
70
2 (base 11) to base 15
2
Convert 8 (base 15) to base 16.
8
What is 10 (base 13) in base 11?
12
Convert 12220 (base 3) to base 8.
237
-5 (base 10) to base 16
-5
-46 (base 7) to base 4
-202
Convert -1 (base 9) to base 5.
-1
Convert -3 (base 15) to base 5.
-3
-1 (base 8) to base 2
-1
2 (base 6) to base 7
2
What is -8 (base 13) in base 7?
-11
What is -140 (base 6) in base 15?
-40
-b (base 16) to base 11
-10
What is -137 (base 10) in base 16?
-89
1 (base 6) to base 7
1
What is 10 (base 2) in base 4?
2
18b (base 15) to base 14
1b6
-3 (base 10) to base 16
-3
What is 301 (base 5) in base 13?
5b
-1 (base 15) to base 3
-1
What is -231 (base 4) in base 8?
-55
What is -5 (base 13) in base 5?
-10
What is a (base 13) in base 16?
a
-3 (base 7) to base 12
-3
Convert 8 (base 15) to base 13.
8
-22 (base 3) to base 16
-8
What is 50 (base 8) in base 12?
34
Convert 101101 (base 2) to base 15.
30
-47 (base 10) to base 8
-57
What is 4 (base 6) in base 15?
4
13 (base 9) to base 5
22
-30 (base 4) to base 3
-110
Convert 12122 (base 3) to base 7.
305
-20 (base 11) to base 16
-16
Convert 2 (base 7) to base 11.
2
Convert -8 (base 11) to base 10.
-8
What is 99 (base 10) in base 2?
1100011
What is 8 (base 16) in base 3?
22
What is -311 (base 5) in base 2?
-1010001
What is -2 (base 4) in base 11?
-2
Convert -111101 (base 2) to base 5.
-221
b8 (base 14) to base 15
ac
What is 34 (base 12) in base 6?
104
ca (base 16) to base 6
534
-108 (base 9) to base 10
-89
What is -11 (base 8) in base 9?
-10
Convert 14 (base 12) to base 4.
100
What is -4 (base 13) in base 14?
-4
1 (base 8) to base 7
1
What is 10 (base 3) in base 6?
3
Convert -50 (base 9) to base 4.
-231
Convert 33 (base 6) to base 7.
30
What is -2 (base 4) in base 15?
-2
What is -1 (base 6) in base 10?
-1
Convert 5 (base 6) to base 10.
5
What is 44 (base 10) in base 5?
134
Convert -32 (base 11) to base 2.
-100011
What is -1c (base 13) in base 7?
-34
-186 (base 12) to base 2
-11110110
What is 102 (base 5) in base 4?
123
-a (base 14) to base 13
-a
What is -133 (base 4) in base 5?
-111
Convert 20 (base 4) to base 7.
11
Convert -4 (base 16) to base 3.
-11
114 (base 5) to base 11
31
What is 2a (base 14) in base 11?
35
What is 35 (base 9) in base 4?
200
-1 (base 15) to base 3
-1
Convert -179 (base 12) to base 3.
-22210
-10 (base 13) to base 8
-15
1 (base 10) to base 8
1
-33 (base 5) to base 14
-14
Convert -22100 (base 3) to base 9.
-270
What is 120 (base 6) in base 15?
33
Convert -10 (base 14) to base 8.
-16
What is -92 (base 11) in base 9?
-122
Convert -1 (base 16) to base 7.
-1
Convert 0 (base 4) to base 14.
0
What is -23 (base 4) in base 2?
-1011
Convert -133 (base 4) to base 12.
-27
Convert 304 (base 8) to base 16.
c4
5 (base 10) to base 6
5
-43 (base 12) to base 9
-56
What is -110 (base 2) in base 14?
-6
2 (base 16) to base 11
2
What is 422 (base 6) in base 15?
a8
-24 (base 7) to base 16
-12
What is -211 (base 8) in base 15?
-92
Convert 8 (base 9) to base 16.
8
-123 (base 9) to base 7
-204
What is -345 (base 10) in base 9?
-423
What is 1 (base 10) in base 2?
1
What is -4 (base 12) in base 6?
-4
35 (base 9) to base 7
44
-1000 (base 2) to base 14
-8
Convert -352 (base 7) to base 5.
-1214
-4 (base 10) to base 8
-4
-12 (base 11) to base 14
-d
Convert 14 (base 8) to base 11.
11
Convert -110 (base 2) to base 5.
-11
-3 (base 10) to base 7
-3
34 (base 9) to base 8
37
-101 (base 4) to base 16
-11
What is 1020 (base 4) in base 16?
48
What is 2 (base 5) in base 8?
2
Convert 50 (base 6) to base 14.
22
What is 12 (base 5) in base 16?
7
-282 (base 10) to base 13
-189
What is a5 (base 13) in base 12?
b3
Convert -40 (base 10) to base 3.
-1111
-a (base 14) to base 7
-13
-113 (base 4) to base 13
-1a
What is 12 (base 3) in base 13?
5
6 (base 14) to base 10
6
101 (base 2) to base 3
12
-100011101 (base 2) to base 11
-23a
Convert 2211 (base 4) to base 8.
245
What is -11 (base 2) in base 4?
-3
43 (base 13) to base 5
210
-1000101 (base 2) to base 3
-2120
Convert 13 (base 14) to base 12.
15
Convert -19 (base 16) to base 12.
-21
What is 20 